7
Calculate the greatest common divisor of 58816 and 90981.
919
Calculate the greatest common divisor of 256 and 1808.
16
Calculate the greatest common divisor of 12 and 334338.
6
What is the highest common divisor of 1292 and 80484?
76
What is the highest common factor of 64687 and 154?
7
Calculate the greatest common factor of 838683 and 9.
9
Calculate the greatest common factor of 2627 and 3692.
71
What is the highest common factor of 4544 and 875856?
1136
What is the greatest common factor of 183078 and 28?
14
What is the greatest common factor of 118 and 101303?
59
Calculate the greatest common factor of 27 and 620541.
27
Calculate the highest common factor of 36 and 254628.
36
What is the greatest common divisor of 48 and 128152?
8
Calculate the greatest common divisor of 41097 and 342.
57
What is the highest common factor of 666045 and 361?
361
Calculate the highest common divisor of 40526 and 138.
46
Calculate the highest common factor of 46920 and 51340.
340
Calculate the highest common divisor of 891 and 32571.
99
Calculate the greatest common divisor of 276192 and 18.
18
Calculate the highest common divisor of 6036 and 1986.
6
Calculate the greatest common divisor of 3324 and 3408.
12
What is the greatest common factor of 101882 and 1573?
121
Calculate the greatest common factor of 50010 and 30.
30
What is the greatest common factor of 8094 and 76?
38
Calculate the highest common factor of 11950 and 150.
50
Calculate the highest common divisor of 25 and 6135.
5
Calculate the greatest common divisor of 2373910 and 154.
154
What is the greatest common divisor of 82 and 135341?
41
What is the highest common divisor of 38 and 291878?
38
What is the highest common divisor of 4 and 1078908?
4
What is the greatest common factor of 567 and 6399?
81
What is the highest common factor of 114 and 8056?
38
What is the highest common divisor of 9 and 787329?
9
Calculate the highest common factor of 1267 and 668433.
181
Calculate the highest common factor of 655416 and 480.
24
Calculate the highest common factor of 3564 and 191532.
132
Calculate the greatest common divisor of 32 and 24712.
8
Calculate the greatest common factor of 984709 and 33.
11
What is the greatest common factor of 628 and 15543?
157
Calculate the greatest common divisor of 376215 and 945.
105
Calculate the greatest common factor of 1322 and 1046.
2
Calculate the greatest common divisor of 4815 and 1035.
45
Calculate the highest common factor of 1648 and 29252.
412
What is the greatest common factor of 23 and 64?
1
Calculate the highest common divisor of 67621 and 17.
1
Calculate the greatest common factor of 19305 and 99.
99
Calculate the highest common divisor of 77 and 1285218.
11
What is the highest common divisor of 2 and 1729?
1
What is the greatest common factor of 122366 and 85?
17
What is the greatest common factor of 10561 and 59?
59
Calculate the highest common factor of 10155 and 1545.
15
What is the greatest common factor of 46 and 36133?
23
What is the highest common factor of 45 and 1764405?
45
Calculate the greatest common factor of 301373 and 83.
83
Calculate the highest common divisor of 10523832 and 132.
132
What is the greatest common factor of 4 and 3692?
4
What is the greatest common divisor of 646 and 20995?
323
Calculate the highest common divisor of 4200931 and 146.
73
Calculate the highest common factor of 5917 and 5063.
61
What is the greatest common divisor of 6608982 and 2292?
1146
What is the highest common factor of 2892 and 204?
12
What is the highest common factor of 4558 and 42877?
53
Calculate the highest common divisor of 9158 and 494.
38
Calculate the highest common factor of 63986 and 1426.
46
What is the greatest common factor of 37 and 5122206?
37
Calculate the greatest common divisor of 23020 and 1440.
20
Calculate the greatest common divisor of 2973072 and 1104.
1104
Calculate the greatest common divisor of 22898 and 2.
2
What is the highest common factor of 1088 and 70363?
17
Calculate the greatest common factor of 28512 and 1152.
288
Calculate the greatest common factor of 2 and 305986.
2
Calculate the highest common divisor of 21120 and 10890.
330
What is the highest common factor of 62000 and 3400?
200
What is the greatest common factor of 387 and 15007?
43
What is the greatest common factor of 14099 and 2323?
23
What is the greatest common factor of 6351 and 5475?
219
What is the highest common divisor of 58615 and 760?
95
What is the greatest common divisor of 951 and 141065?
317
What is the highest common factor of 16172 and 286?
26
Calculate the greatest common factor of 17149 and 11.
11
What is the highest common divisor of 1970 and 24034?
394
What is the highest common divisor of 160 and 895540?
20
Calculate the greatest common factor of 29280 and 384.
96
Calculate the greatest common divisor of 14338806 and 146.
146
What is the greatest common factor of 86 and 556420?
86
Calculate the highest common factor of 6532 and 200928.
92
What is the greatest common factor of 12 and 165360?
12
What is the greatest common divisor of 346 and 9181629?
173
What is the highest common factor of 241060 and 986?
34
What is the greatest common factor of 24 and 57400?
8
Calculate the greatest common factor of 34875 and 558.
279
What is the greatest common factor of 6048 and 128?
32
Calculate the highest common factor of 202 and 17485322.
202
Calculate the highest common divisor of 572 and 132340.
52
Calculate the greatest common factor of 18 and 317214.
18
What is the highest common factor of 114 and 162678?
114
What is the highest common factor of 1112 and 125?
1
Calculate the greatest common divisor of 1054 and 31558.
62
Calculate the highest common divisor of 2103512 and 136.
136
What is the greatest common divisor of 1452 and 11308?
44
What is the greatest common factor of 306 and 3638?
34
What is the highest common divisor of 200350 and 2150?
50
What is the highest common factor of 40976 and 416?
208
Calculate the highest common factor of 209 and 118883.
19
What is the greatest common divisor of 2023623 and 1134?
567
Calculate the greatest common divisor of 41910 and 1430.
110
What is the highest common divisor of 38400 and 240?
240
Calculate the highest common factor of 75891 and 4936.
617
What is the greatest common factor of 42 and 8310?
6
Calculate the highest common factor of 20942 and 3679.
283
Calculate the highest common divisor of 2574 and 2808.
234
Calculate the greatest common divisor of 91 and 11459.
7
Calculate the highest common factor of 7850 and 475.
25
Calculate the highest common divisor of 3136128 and 72.
24
What is the greatest common factor of 2778 and 1038?
6
What is the highest common factor of 324 and 384924?
12
What is the highest common divisor of 16 and 238864?
16
What is the greatest common factor of 477 and 2259?
9
Calculate the greatest common factor of 63 and 1806.
21
Calculate the greatest common factor of 158158 and 65.
13
Calculate the greatest common divisor of 113 and 51641.
113
What is the highest common divisor of 752 and 28999?
47
What is the highest common divisor of 309 and 12796308?
309
Calculate the highest common divisor of 1636964 and 2907.
323
What is the highest common divisor of 3233 and 7076?
61
Calculate the greatest common divisor of 6360 and 4800.
120
Calculate the highest common divisor of 8 and 17870.
2
Calculate the greatest common divisor of 171 and 6137.
19
Calculate the highest common divisor of 45 and 981.
9
Calculate the greatest common divisor of 13899 and 4797.
123
What is the highest common divisor of 1706860 and 1550?
310
Calculate the highest common factor of 3813 and 15531.
93
What is the highest common divisor of 734328 and 620?
124
What is the highest common factor of 2173 and 533?
41
What is the highest common factor of 513168 and 384?
48
What is the highest common divisor of 361 and 1011522?
361
Calculate the greatest common factor of 150 and 1914.
6
What is the highest common divisor of 60 and 285060?
60
What is the highest common divisor of 27792 and 156?
12
What is the greatest common divisor of 2771 and 103342?
163
Calculate the greatest common divisor of 24 and 16788.
12
What is the greatest common factor of 16 and 52668?
4
What is the highest common divisor of